{"id":1899,"date":"2026-03-20T14:33:18","date_gmt":"2026-03-20T13:33:18","guid":{"rendered":"https:\/\/jeanpaulamette.fr\/blog\/?page_id=1899"},"modified":"2026-03-20T18:05:07","modified_gmt":"2026-03-20T17:05:07","slug":"accueil","status":"publish","type":"page","link":"https:\/\/jeanpaulamette.fr\/blog\/","title":{"rendered":"Accueil"},"content":{"rendered":"\n<div class=\"wp-block-uagb-container uagb-block-abc2ec26 alignfull uagb-is-root-container\"><div class=\"uagb-container-inner-blocks-wrap\">\n<div class=\"wp-block-uagb-info-box uagb-block-08c0e953 uagb-infobox__content-wrap  uagb-infobox-icon-above-title uagb-infobox-image-valign-top wp-block-uagb-info-box--has-margin\"><div class=\"uagb-infobox-margin-wrapper\"><div class=\"uagb-ifb-content\"><div class=\"uagb-ifb-title-wrap\"><h1 class=\"uagb-ifb-title\">JEAN PAUL AMETTE<\/h1><\/div><div class=\"uagb-ifb-button-wrapper wp-block-button\"><a href=\"https:\/\/jeanpaulamette.fr\/blog\/printemps\/\" class=\"uagb-infobox-cta-link wp-block-button__link\" target=\"_self\" rel=\"noopener noreferrer\" onclick=\"return true;\"><span class=\"uagb-inline-editing\">D\u00e9couvrez l\u2019univers<\/span><\/a><\/div><\/div><\/div><\/div>\n<\/div><\/div>\n\n\n\n<div class=\"wp-block-uagb-container uagb-layout-grid uagb-block-b5e7e8ee alignfull uagb-is-root-container\"><div class=\"uagb-container-inner-blocks-wrap\">\n<div class=\"wp-block-uagb-info-box uagb-block-0fc90987 uagb-infobox__content-wrap  uagb-infobox-icon-above-title uagb-infobox-image-valign-top wp-block-uagb-info-box--has-margin\"><div class=\"uagb-infobox-margin-wrapper\"><div class=\"uagb-ifb-content\"><div class=\"uagb-ifb-title-wrap\"><h5 class=\"uagb-ifb-title-prefix\">\u00c0 Propos de l\u2019Artiste<\/h5><h2 class=\"uagb-ifb-title\">Peindre la lumi\u00e8re, r\u00e9v\u00e9ler la nature<\/h2><\/div><\/div><\/div><\/div>\n\n\n\n<div class=\"wp-block-uagb-info-box uagb-block-1f18b2e0 uagb-infobox__content-wrap  uagb-infobox-icon-above-title uagb-infobox-image-valign-top\"><div class=\"uagb-ifb-content\"><div class=\"uagb-ifb-title-wrap\"><p class=\"uagb-ifb-title\">Jean-Paul Amette, n\u00e9 le 15 mai 1953 aux Andelys, est un peintre dont l\u2019\u0153uvre s\u2019inscrit dans la tradition du paysage figuratif. Depuis plus de cinquante ans, il d\u00e9veloppe une peinture sensible et po\u00e9tique, o\u00f9 la lumi\u00e8re et les atmosph\u00e8res occupent une place essentielle.<br><br>Tr\u00e8s t\u00f4t, il se passionne pour l\u2019art et d\u00e9couvre, adolescent, les \u0153uvres des ma\u00eetres anciens et modernes \u00e0 la galerie Tuffier, aux Andelys. Cette immersion pr\u00e9coce forge son regard et nourrit une exigence artistique fond\u00e9e sur l\u2019observation, la rigueur et la patience. En 1973, il choisit de se consacrer pleinement \u00e0 la peinture\u2026<\/p><\/div><div class=\"uagb-ifb-button-wrapper wp-block-button\"><a href=\"https:\/\/jeanpaulamette.fr\/blog\/page-daccueil\/\" class=\"uagb-infobox-cta-link wp-block-button__link\" target=\"_self\" rel=\"noopener noreferrer\" onclick=\"return true;\"><span class=\"uagb-inline-editing\">D\u00e9couvrir son histoire<\/span><svg xmlns=\"https:\/\/www.w3.org\/2000\/svg\" viewBox=\"0 0 512 512\"><path d=\"M504.3 273.6l-112.1 104c-6.992 6.484-17.18 8.218-25.94 4.406c-8.758-3.812-14.42-12.45-14.42-21.1L351.9 288H32C14.33 288 .0002 273.7 .0002 255.1S14.33 224 32 224h319.9l0-72c0-9.547 5.66-18.19 14.42-22c8.754-3.809 18.95-2.075 25.94 4.41l112.1 104C514.6 247.9 514.6 264.1 504.3 273.6z\"><\/path><\/svg><\/a><\/div><\/div><\/div>\n<\/div><\/div>\n\n\n\n<div class=\"wp-block-uagb-container uagb-layout-grid uagb-block-05c5b147 alignfull uagb-is-root-container\"><div class=\"uagb-container-inner-blocks-wrap\">\n<div class=\"wp-block-uagb-info-box uagb-block-cae2acda uagb-infobox__content-wrap  uagb-infobox-icon-above-title uagb-infobox-image-valign-top wp-block-uagb-info-box--has-margin\"><div class=\"uagb-infobox-margin-wrapper\"><div class=\"uagb-ifb-content\"><div class=\"uagb-ifb-title-wrap\"><h2 class=\"uagb-ifb-title-prefix\">1953<\/h2><h5 class=\"uagb-ifb-title\">Naissance<\/h5><\/div><p class=\"uagb-ifb-desc\">Jean\u2011Paul Amette na\u00eet aux Andelys, dans l\u2019Eure. Tr\u00e8s t\u00f4t, il d\u00e9veloppe une passion pour la nature et la peinture.<\/p><\/div><\/div><\/div>\n\n\n\n<div class=\"wp-block-uagb-info-box uagb-block-8b27ce14 uagb-infobox__content-wrap  uagb-infobox-icon-above-title uagb-infobox-image-valign-top wp-block-uagb-info-box--has-margin\"><div class=\"uagb-infobox-margin-wrapper\"><div class=\"uagb-ifb-content\"><div class=\"uagb-ifb-title-wrap\"><h2 class=\"uagb-ifb-title-prefix\">1973<\/h2><h5 class=\"uagb-ifb-title\">D\u00e9but professionnel<\/h5><\/div><p class=\"uagb-ifb-desc\">Il se consacre pleinement \u00e0 la peinture figurative, explorant la lumi\u00e8re et les atmosph\u00e8res dans ses paysages.<\/p><\/div><\/div><\/div>\n\n\n\n<div class=\"wp-block-uagb-info-box uagb-block-646177db uagb-infobox__content-wrap  uagb-infobox-icon-above-title uagb-infobox-image-valign-top wp-block-uagb-info-box--has-margin\"><div class=\"uagb-infobox-margin-wrapper\"><div class=\"uagb-ifb-content\"><div class=\"uagb-ifb-title-wrap\"><h2 class=\"uagb-ifb-title-prefix\">1988<\/h2><h5 class=\"uagb-ifb-title\">Galerie artes<\/h5><\/div><p class=\"uagb-ifb-desc\">Jean\u2011Paul Amette rejoint la galerie ARTES, affirmant sa place parmi les peintres repr\u00e9sent\u00e9s et expos\u00e9s r\u00e9guli\u00e8rement<\/p><\/div><\/div><\/div>\n\n\n\n<div class=\"wp-block-uagb-info-box uagb-block-0e614d4c uagb-infobox__content-wrap  uagb-infobox-icon-above-title uagb-infobox-image-valign-top wp-block-uagb-info-box--has-margin\"><div class=\"uagb-infobox-margin-wrapper\"><div class=\"uagb-ifb-content\"><div class=\"uagb-ifb-title-wrap\"><h2 class=\"uagb-ifb-title-prefix\">1996<\/h2><h5 class=\"uagb-ifb-title\">Premi\u00e8res expositions internationales<\/h5><\/div><p class=\"uagb-ifb-desc\">Exposition en Belgique \u00e0 la galerie MOLINAT, marquant le d\u00e9but d\u2019une reconnaissance au-del\u00e0 des fronti\u00e8res fran\u00e7aises.<\/p><\/div><\/div><\/div>\n\n\n\n<div class=\"wp-block-uagb-info-box uagb-block-7d81294e uagb-infobox__content-wrap  uagb-infobox-icon-above-title uagb-infobox-image-valign-top wp-block-uagb-info-box--has-margin\"><div class=\"uagb-infobox-margin-wrapper\"><div class=\"uagb-ifb-content\"><div class=\"uagb-ifb-title-wrap\"><h2 class=\"uagb-ifb-title-prefix\">1998<\/h2><h5 class=\"uagb-ifb-title\">Rencontre avec Gaston Thiery<\/h5><\/div><p class=\"uagb-ifb-desc\">Cette rencontre influence profond\u00e9ment sa ma\u00eetrise de la lumi\u00e8re et du paysage, renfor\u00e7ant sa d\u00e9marche artistique figurative.<\/p><\/div><\/div><\/div>\n\n\n\n<div class=\"wp-block-uagb-info-box uagb-block-42b6c307 uagb-infobox__content-wrap  uagb-infobox-icon-above-title uagb-infobox-image-valign-top wp-block-uagb-info-box--has-margin\"><div class=\"uagb-infobox-margin-wrapper\"><div class=\"uagb-ifb-content\"><div class=\"uagb-ifb-title-wrap\"><h2 class=\"uagb-ifb-title-prefix\">Aujourd\u2019hui<\/h2><h5 class=\"uagb-ifb-title\">Collections priv\u00e9es et ouvrages<\/h5><\/div><p class=\"uagb-ifb-desc\">Ses \u0153uvres figurent dans des collections en Europe et aux \u00c9tats-Unis. Il poursuit sa passion avec le m\u00eame regard sensible sur la nature, et publie l\u2019ouvrage\u00a0<em>Entre Beauce et Perche<\/em>, alliant paysages et po\u00e9sie.<\/p><\/div><\/div><\/div>\n<\/div><\/div>\n\n\n\n<div class=\"wp-block-uagb-container uagb-block-ry15wubo alignfull uagb-is-root-container\"><div class=\"uagb-container-inner-blocks-wrap\">\n<div class=\"wp-block-uagb-info-box uagb-block-uiwz4ayl uagb-infobox__content-wrap  uagb-infobox-icon-above-title uagb-infobox-image-valign-top\"><div class=\"uagb-ifb-content\"><div class=\"uagb-ifb-title-wrap\"><h2 class=\"uagb-ifb-title\">Instants de lumi\u00e8re<\/h2><\/div><p class=\"uagb-ifb-desc\">Plongez dans l\u2019univers de Jean\u2011Paul Amette et laissez-vous captiver par ses paysages, o\u00f9 la lumi\u00e8re et l\u2019atmosph\u00e8re r\u00e9v\u00e8lent la po\u00e9sie de la nature.<\/p><\/div><\/div>\n\n\n\n<div class=\"wp-block-uagb-container uagb-layout-grid uagb-block-zlm0kkm3\">\n<div class=\"wp-block-uagb-image alignleft uagb-block-135wpbbw wp-block-uagb-image--layout-default wp-block-uagb-image--effect-static wp-block-uagb-image--align-left\"><figure class=\"wp-block-uagb-image__figure\"><img data-recalc-dims=\"1\" decoding=\"async\" srcset=\"https:\/\/jeanpaulamette.fr\/blog\/wp-content\/uploads\/2024\/06\/DSC_8525-1024x711.jpg ,https:\/\/jeanpaulamette.fr\/blog\/wp-content\/uploads\/2024\/06\/DSC_8525-scaled.jpg 780w, https:\/\/jeanpaulamette.fr\/blog\/wp-content\/uploads\/2024\/06\/DSC_8525-scaled.jpg 360w\" sizes=\"auto, (max-width: 480px) 150px\" src=\"https:\/\/i0.wp.com\/jeanpaulamette.fr\/blog\/wp-content\/uploads\/2024\/06\/DSC_8525.jpg?resize=384%2C384&ssl=1\" alt=\"\" class=\"uag-image-1423\" width=\"384\" height=\"384\" title=\"DSC_8525\" loading=\"lazy\" role=\"img\"\/><\/figure><\/div>\n\n\n\n<div class=\"wp-block-uagb-image alignleft uagb-block-7zgkype8 wp-block-uagb-image--layout-default wp-block-uagb-image--effect-static wp-block-uagb-image--align-left\"><figure class=\"wp-block-uagb-image__figure\"><img data-recalc-dims=\"1\" decoding=\"async\" srcset=\"https:\/\/jeanpaulamette.fr\/blog\/wp-content\/uploads\/2024\/06\/DSC_6348-copie-1024x762.jpg ,https:\/\/jeanpaulamette.fr\/blog\/wp-content\/uploads\/2024\/06\/DSC_6348-copie.jpg 780w, https:\/\/jeanpaulamette.fr\/blog\/wp-content\/uploads\/2024\/06\/DSC_6348-copie.jpg 360w\" sizes=\"auto, (max-width: 480px) 150px\" src=\"https:\/\/i0.wp.com\/jeanpaulamette.fr\/blog\/wp-content\/uploads\/2024\/06\/DSC_6348-copie.jpg?resize=384%2C384&ssl=1\" alt=\"\" class=\"uag-image-1430\" width=\"384\" height=\"384\" title=\"DSC_6348-copie\" loading=\"lazy\" role=\"img\"\/><\/figure><\/div>\n\n\n\n<div class=\"wp-block-uagb-image alignleft uagb-block-826smauv wp-block-uagb-image--layout-default wp-block-uagb-image--effect-static wp-block-uagb-image--align-left\"><figure class=\"wp-block-uagb-image__figure\"><img data-recalc-dims=\"1\" decoding=\"async\" srcset=\"https:\/\/jeanpaulamette.fr\/blog\/wp-content\/uploads\/2023\/01\/La-Commanderie-des-Templiers-Arville-1024x785.jpg ,https:\/\/jeanpaulamette.fr\/blog\/wp-content\/uploads\/2023\/01\/La-Commanderie-des-Templiers-Arville-scaled.jpg 780w, https:\/\/jeanpaulamette.fr\/blog\/wp-content\/uploads\/2023\/01\/La-Commanderie-des-Templiers-Arville-scaled.jpg 360w\" sizes=\"auto, (max-width: 480px) 150px\" src=\"https:\/\/i0.wp.com\/jeanpaulamette.fr\/blog\/wp-content\/uploads\/2023\/01\/La-Commanderie-des-Templiers-Arville.jpg?resize=384%2C384&ssl=1\" alt=\"\" class=\"uag-image-661\" width=\"384\" height=\"384\" title=\"La Commanderie des Templiers- Arville\" loading=\"lazy\" role=\"img\"\/><\/figure><\/div>\n\n\n\n<div class=\"wp-block-uagb-image alignleft uagb-block-xhq0rj0a wp-block-uagb-image--layout-default wp-block-uagb-image--effect-static wp-block-uagb-image--align-left\"><figure class=\"wp-block-uagb-image__figure\"><img data-recalc-dims=\"1\" decoding=\"async\" srcset=\"https:\/\/jeanpaulamette.fr\/blog\/wp-content\/uploads\/2023\/02\/DSC_5398-1-844x1024.jpg ,https:\/\/jeanpaulamette.fr\/blog\/wp-content\/uploads\/2023\/02\/DSC_5398-1-scaled.jpg 780w, https:\/\/jeanpaulamette.fr\/blog\/wp-content\/uploads\/2023\/02\/DSC_5398-1-scaled.jpg 360w\" sizes=\"auto, (max-width: 480px) 150px\" src=\"https:\/\/i0.wp.com\/jeanpaulamette.fr\/blog\/wp-content\/uploads\/2023\/02\/DSC_5398-1.jpg?resize=384%2C384&ssl=1\" alt=\"\" class=\"uag-image-852\" width=\"384\" height=\"384\" title=\"DSC_5398\" loading=\"lazy\" role=\"img\"\/><\/figure><\/div>\n\n\n\n<div class=\"wp-block-uagb-image alignleft uagb-block-z5a06aaz wp-block-uagb-image--layout-default wp-block-uagb-image--effect-static wp-block-uagb-image--align-left\"><figure class=\"wp-block-uagb-image__figure\"><img data-recalc-dims=\"1\" decoding=\"async\" srcset=\"https:\/\/jeanpaulamette.fr\/blog\/wp-content\/uploads\/2023\/01\/LAigre-a-la-Ferte-Villeneuil.jpg ,https:\/\/jeanpaulamette.fr\/blog\/wp-content\/uploads\/2023\/01\/LAigre-a-la-Ferte-Villeneuil.jpg 780w, https:\/\/jeanpaulamette.fr\/blog\/wp-content\/uploads\/2023\/01\/LAigre-a-la-Ferte-Villeneuil.jpg 360w\" sizes=\"auto, (max-width: 480px) 150px\" src=\"https:\/\/i0.wp.com\/jeanpaulamette.fr\/blog\/wp-content\/uploads\/2023\/01\/LAigre-a-la-Ferte-Villeneuil.jpg?resize=384%2C384&ssl=1\" alt=\"\" class=\"uag-image-665\" width=\"384\" height=\"384\" title=\"LAigre-a-la-Ferte-Villeneuil\" loading=\"lazy\" role=\"img\"\/><\/figure><\/div>\n\n\n\n<div class=\"wp-block-uagb-image alignleft uagb-block-czigdnyl wp-block-uagb-image--layout-default wp-block-uagb-image--effect-static wp-block-uagb-image--align-left\"><figure class=\"wp-block-uagb-image__figure\"><img data-recalc-dims=\"1\" decoding=\"async\" srcset=\"https:\/\/jeanpaulamette.fr\/blog\/wp-content\/uploads\/2023\/01\/Brou-par-le-Parc-1-1024x663.jpg ,https:\/\/jeanpaulamette.fr\/blog\/wp-content\/uploads\/2023\/01\/Brou-par-le-Parc-1-scaled.jpg 780w, https:\/\/jeanpaulamette.fr\/blog\/wp-content\/uploads\/2023\/01\/Brou-par-le-Parc-1-scaled.jpg 360w\" sizes=\"auto, (max-width: 480px) 150px\" src=\"https:\/\/i0.wp.com\/jeanpaulamette.fr\/blog\/wp-content\/uploads\/2023\/01\/Brou-par-le-Parc-1.jpg?resize=384%2C384&ssl=1\" alt=\"\" class=\"uag-image-666\" width=\"384\" height=\"384\" title=\"Brou-par-le-Parc-1\" loading=\"lazy\" role=\"img\"\/><\/figure><\/div>\n<\/div>\n<\/div><\/div>\n\n\n\n<p><\/p>\n\n\n\n<p><\/p>\n","protected":false},"excerpt":{"rendered":"","protected":false},"author":2,"featured_media":0,"parent":0,"menu_order":0,"comment_status":"closed","ping_status":"closed","template":"","meta":{"_uag_custom_page_level_css":"","site-sidebar-layout":"no-sidebar","site-content-layout":"","ast-site-content-layout":"full-width-container","site-content-style":"unboxed","site-sidebar-style":"default","ast-global-header-display":"","ast-banner-title-visibility":"disabled","ast-main-header-display":"","ast-hfb-above-header-display":"","ast-hfb-below-header-display":"","ast-hfb-mobile-header-display":"","site-post-title":"disabled","ast-breadcrumbs-content":"","ast-featured-img":"","footer-sml-layout":"","ast-disable-related-posts":"","theme-transparent-header-meta":"enabled","adv-header-id-meta":"","stick-header-meta":"","header-above-stick-meta":"","header-main-stick-meta":"","header-below-stick-meta":"","astra-migrate-meta-layouts":"default","ast-page-background-enabled":"default","ast-page-background-meta":{"desktop":{"background-color":"var(--ast-global-color-5)","background-image":"","background-repeat":"repeat","background-position":"center center","background-size":"auto","background-attachment":"scroll","background-type":"","background-media":"","overlay-type":"","overlay-color":"","overlay-opacity":"","overlay-gradient":""},"tablet":{"background-color":"","background-image":"","background-repeat":"repeat","background-position":"center center","background-size":"auto","background-attachment":"scroll","background-type":"","background-media":"","overlay-type":"","overlay-color":"","overlay-opacity":"","overlay-gradient":""},"mobile":{"background-color":"","background-image":"","background-repeat":"repeat","background-position":"center center","background-size":"auto","background-attachment":"scroll","background-type":"","background-media":"","overlay-type":"","overlay-color":"","overlay-opacity":"","overlay-gradient":""}},"ast-content-background-meta":{"desktop":{"background-color":"var(--ast-global-color-4)","background-image":"","background-repeat":"repeat","background-position":"center center","background-size":"auto","background-attachment":"scroll","background-type":"","background-media":"","overlay-type":"","overlay-color":"","overlay-opacity":"","overlay-gradient":""},"tablet":{"background-color":"var(--ast-global-color-4)","background-image":"","background-repeat":"repeat","background-position":"center center","background-size":"auto","background-attachment":"scroll","background-type":"","background-media":"","overlay-type":"","overlay-color":"","overlay-opacity":"","overlay-gradient":""},"mobile":{"background-color":"var(--ast-global-color-4)","background-image":"","background-repeat":"repeat","background-position":"center center","background-size":"auto","background-attachment":"scroll","background-type":"","background-media":"","overlay-type":"","overlay-color":"","overlay-opacity":"","overlay-gradient":""}},"advanced_seo_description":"","jetpack_seo_html_title":"","jetpack_seo_noindex":false,"footnotes":""},"class_list":["post-1899","page","type-page","status-publish","hentry"],"uagb_featured_image_src":{"full":false,"thumbnail":false,"medium":false,"medium_large":false,"large":false,"1536x1536":false,"2048x2048":false},"uagb_author_info":{"display_name":"Maxime Cl\u00e9ment","author_link":"https:\/\/jeanpaulamette.fr\/blog\/author\/maximeclement\/"},"uagb_comment_info":0,"uagb_excerpt":null,"jetpack_shortlink":"https:\/\/wp.me\/PevoJv-uD","jetpack_sharing_enabled":true,"_links":{"self":[{"href":"https:\/\/jeanpaulamette.fr\/blog\/wp-json\/wp\/v2\/pages\/1899","targetHints":{"allow":["GET"]}}],"collection":[{"href":"https:\/\/jeanpaulamette.fr\/blog\/wp-json\/wp\/v2\/pages"}],"about":[{"href":"https:\/\/jeanpaulamette.fr\/blog\/wp-json\/wp\/v2\/types\/page"}],"author":[{"embeddable":true,"href":"https:\/\/jeanpaulamette.fr\/blog\/wp-json\/wp\/v2\/users\/2"}],"replies":[{"embeddable":true,"href":"https:\/\/jeanpaulamette.fr\/blog\/wp-json\/wp\/v2\/comments?post=1899"}],"version-history":[{"count":16,"href":"https:\/\/jeanpaulamette.fr\/blog\/wp-json\/wp\/v2\/pages\/1899\/revisions"}],"predecessor-version":[{"id":1997,"href":"https:\/\/jeanpaulamette.fr\/blog\/wp-json\/wp\/v2\/pages\/1899\/revisions\/1997"}],"wp:attachment":[{"href":"https:\/\/jeanpaulamette.fr\/blog\/wp-json\/wp\/v2\/media?parent=1899"}],"curies":[{"name":"wp","href":"https:\/\/api.w.org\/{rel}","templated":true}]}}