{"id":338,"date":"2023-01-21T15:47:24","date_gmt":"2023-01-21T14:47:24","guid":{"rendered":"https:\/\/jeanpaulamette.fr\/blog\/?page_id=338"},"modified":"2023-01-28T10:24:35","modified_gmt":"2023-01-28T09:24:35","slug":"printemps","status":"publish","type":"page","link":"https:\/\/jeanpaulamette.fr\/blog\/printemps\/","title":{"rendered":"Printemps"},"content":{"rendered":"\n<p><\/p>\n\n\n\n<div class=\"wp-block-columns is-layout-flex wp-container-core-columns-is-layout-28f84493 wp-block-columns-is-layout-flex\">\n<div class=\"wp-block-column is-vertically-aligned-center is-layout-flow wp-block-column-is-layout-flow\">\n<div class=\"wp-block-group is-layout-constrained wp-block-group-is-layout-constrained\">\n<figure class=\"wp-block-image size-large\"><img data-recalc-dims=\"1\" loading=\"lazy\" decoding=\"async\" width=\"1024\" height=\"793\" src=\"https:\/\/i0.wp.com\/jeanpaulamette.fr\/blog\/wp-content\/uploads\/2023\/01\/St-Pellerin-depuis-la-Varenne.jpg?resize=1024%2C793&ssl=1\" alt=\"\" class=\"wp-image-642\" srcset=\"https:\/\/i0.wp.com\/jeanpaulamette.fr\/blog\/wp-content\/uploads\/2023\/01\/St-Pellerin-depuis-la-Varenne-scaled.jpg?resize=1024%2C793&ssl=1 1024w, https:\/\/i0.wp.com\/jeanpaulamette.fr\/blog\/wp-content\/uploads\/2023\/01\/St-Pellerin-depuis-la-Varenne-scaled.jpg?resize=300%2C232&ssl=1 300w, https:\/\/i0.wp.com\/jeanpaulamette.fr\/blog\/wp-content\/uploads\/2023\/01\/St-Pellerin-depuis-la-Varenne-scaled.jpg?resize=768%2C595&ssl=1 768w, https:\/\/i0.wp.com\/jeanpaulamette.fr\/blog\/wp-content\/uploads\/2023\/01\/St-Pellerin-depuis-la-Varenne-scaled.jpg?resize=1536%2C1189&ssl=1 1536w, https:\/\/i0.wp.com\/jeanpaulamette.fr\/blog\/wp-content\/uploads\/2023\/01\/St-Pellerin-depuis-la-Varenne-scaled.jpg?resize=2048%2C1586&ssl=1 2048w\" sizes=\"auto, (max-width: 1000px) 100vw, 1000px\" \/><\/figure>\n\n\n\n<p style=\"font-size:14px\"><em><strong>Saint Pellerin<\/strong><\/em><br>Quand on arrive \u00e0 Saint Pellerin par la Varenne, la jach\u00e8re de colza est bord\u00e9e d\u2019un petit ruisseau.<br><em>huile sur toile, 24\u00d719 cm<\/em><\/p>\n\n\n\n<hr class=\"wp-block-separator has-alpha-channel-opacity\"\/>\n\n\n\n<div class=\"wp-block-columns is-layout-flex wp-container-core-columns-is-layout-28f84493 wp-block-columns-is-layout-flex\">\n<div class=\"wp-block-column is-layout-flow wp-block-column-is-layout-flow\">\n<figure class=\"wp-block-image size-large is-style-default\"><img data-recalc-dims=\"1\" loading=\"lazy\" decoding=\"async\" width=\"1024\" height=\"677\" src=\"https:\/\/i0.wp.com\/jeanpaulamette.fr\/blog\/wp-content\/uploads\/2023\/01\/Le-moulin-abandonne.jpg?resize=1024%2C677&ssl=1\" alt=\"\" class=\"wp-image-640\" srcset=\"https:\/\/i0.wp.com\/jeanpaulamette.fr\/blog\/wp-content\/uploads\/2023\/01\/Le-moulin-abandonne.jpg?resize=1024%2C677&ssl=1 1024w, https:\/\/i0.wp.com\/jeanpaulamette.fr\/blog\/wp-content\/uploads\/2023\/01\/Le-moulin-abandonne.jpg?resize=300%2C198&ssl=1 300w, https:\/\/i0.wp.com\/jeanpaulamette.fr\/blog\/wp-content\/uploads\/2023\/01\/Le-moulin-abandonne.jpg?resize=768%2C508&ssl=1 768w, https:\/\/i0.wp.com\/jeanpaulamette.fr\/blog\/wp-content\/uploads\/2023\/01\/Le-moulin-abandonne.jpg?w=1120&ssl=1 1120w\" sizes=\"auto, (max-width: 1000px) 100vw, 1000px\" \/><\/figure>\n\n\n\n<p style=\"font-size:14px\"><strong><em>Le moulin abandonn\u00e9<\/em><\/strong><br>Ce beau matin de printemps, o\u00f9 les oiseaux chantent, je me suis rendu \u00e0 travers bois au vieux moulin.<br><em>huile sur toile 27\u00d719 cm.<\/em><\/p>\n<\/div>\n<\/div>\n\n\n\n<hr class=\"wp-block-separator has-alpha-channel-opacity\"\/>\n\n\n\n<div class=\"wp-block-columns is-layout-flex wp-container-core-columns-is-layout-28f84493 wp-block-columns-is-layout-flex\">\n<div class=\"wp-block-column is-layout-flow wp-block-column-is-layout-flow\">\n<figure class=\"wp-block-image size-full\"><img data-recalc-dims=\"1\" loading=\"lazy\" decoding=\"async\" width=\"701\" height=\"496\" src=\"https:\/\/i0.wp.com\/jeanpaulamette.fr\/blog\/wp-content\/uploads\/2023\/01\/Le-moulin-abandonne-2.jpg?resize=701%2C496&ssl=1\" alt=\"\" class=\"wp-image-639\" srcset=\"https:\/\/i0.wp.com\/jeanpaulamette.fr\/blog\/wp-content\/uploads\/2023\/01\/Le-moulin-abandonne-2.jpg?w=701&ssl=1 701w, https:\/\/i0.wp.com\/jeanpaulamette.fr\/blog\/wp-content\/uploads\/2023\/01\/Le-moulin-abandonne-2.jpg?resize=300%2C212&ssl=1 300w\" sizes=\"auto, (max-width: 701px) 100vw, 701px\" \/><\/figure>\n\n\n\n<p style=\"font-size:14px\"><strong><em>Le moulin abandonn\u00e9<br><\/em><\/strong>Cet apr\u00e8s-midi, je suis retourn\u00e9 voir le vieux moulin de Godebert, seule pr\u00e9sence de ces lieux, le bruit de l\u2019eau.<em>huile sur toile, 65\u00d754 cm<\/em><\/p>\n\n\n\n<hr class=\"wp-block-separator has-alpha-channel-opacity\"\/>\n\n\n\n<div class=\"wp-block-columns is-layout-flex wp-container-core-columns-is-layout-28f84493 wp-block-columns-is-layout-flex\">\n<div class=\"wp-block-column is-layout-flow wp-block-column-is-layout-flow\">\n<figure class=\"wp-block-image size-large\"><img data-recalc-dims=\"1\" loading=\"lazy\" decoding=\"async\" width=\"823\" height=\"1024\" src=\"https:\/\/i0.wp.com\/jeanpaulamette.fr\/blog\/wp-content\/uploads\/2023\/01\/Contre-jour-sur-lAigre.jpg?resize=823%2C1024&ssl=1\" alt=\"\" class=\"wp-image-637\" srcset=\"https:\/\/i0.wp.com\/jeanpaulamette.fr\/blog\/wp-content\/uploads\/2023\/01\/Contre-jour-sur-lAigre.jpg?resize=823%2C1024&ssl=1 823w, https:\/\/i0.wp.com\/jeanpaulamette.fr\/blog\/wp-content\/uploads\/2023\/01\/Contre-jour-sur-lAigre.jpg?resize=241%2C300&ssl=1 241w, https:\/\/i0.wp.com\/jeanpaulamette.fr\/blog\/wp-content\/uploads\/2023\/01\/Contre-jour-sur-lAigre.jpg?resize=768%2C955&ssl=1 768w, https:\/\/i0.wp.com\/jeanpaulamette.fr\/blog\/wp-content\/uploads\/2023\/01\/Contre-jour-sur-lAigre.jpg?resize=1235%2C1536&ssl=1 1235w, https:\/\/i0.wp.com\/jeanpaulamette.fr\/blog\/wp-content\/uploads\/2023\/01\/Contre-jour-sur-lAigre.jpg?resize=1647%2C2048&ssl=1 1647w, https:\/\/i0.wp.com\/jeanpaulamette.fr\/blog\/wp-content\/uploads\/2023\/01\/Contre-jour-sur-lAigre.jpg?w=1944&ssl=1 1944w\" sizes=\"auto, (max-width: 823px) 100vw, 823px\" \/><\/figure>\n\n\n\n<p style=\"font-size:14px\"><strong><em>Contre jour sur l\u2019Aigre<br><\/em><\/strong>J\u2019ai r\u00e9alis\u00e9 ce tableaux aux environs de Charray, pour la transparence des tons.<em><br>Huile sur toile, 65\u00d754 cm<\/em><\/p>\n<\/div>\n<\/div>\n<\/div>\n<\/div>\n<\/div>\n<\/div>\n\n\n\n<div class=\"wp-block-column is-vertically-aligned-center is-layout-flow wp-block-column-is-layout-flow\">\n<div class=\"wp-block-group is-layout-constrained wp-block-group-is-layout-constrained\">\n<div style=\"height:100px\" aria-hidden=\"true\" class=\"wp-block-spacer\"><\/div>\n\n\n\n<div class=\"wp-block-columns is-layout-flex wp-container-core-columns-is-layout-28f84493 wp-block-columns-is-layout-flex\">\n<div class=\"wp-block-column is-layout-flow wp-block-column-is-layout-flow\">\n<figure class=\"wp-block-image size-full\"><img data-recalc-dims=\"1\" loading=\"lazy\" decoding=\"async\" width=\"588\" height=\"768\" src=\"https:\/\/i0.wp.com\/jeanpaulamette.fr\/blog\/wp-content\/uploads\/2023\/01\/Lyerre-a-Courtalain.jpg?resize=588%2C768&ssl=1\" alt=\"\" class=\"wp-image-641\" srcset=\"https:\/\/i0.wp.com\/jeanpaulamette.fr\/blog\/wp-content\/uploads\/2023\/01\/Lyerre-a-Courtalain.jpg?w=588&ssl=1 588w, https:\/\/i0.wp.com\/jeanpaulamette.fr\/blog\/wp-content\/uploads\/2023\/01\/Lyerre-a-Courtalain.jpg?resize=230%2C300&ssl=1 230w\" sizes=\"auto, (max-width: 588px) 100vw, 588px\" \/><\/figure>\n\n\n\n<p style=\"font-size:14px\"><strong><em>Reflets dans l\u2019Yerre<br><\/em><\/strong>Ce midi, tout le paysage est baign\u00e9 de la lumi\u00e8re filtr\u00e9e d\u2019un ciel de pluie.<br><em>Huile sur toile, 65\u00d754 cm<\/em><\/p>\n<\/div>\n<\/div>\n\n\n\n<hr class=\"wp-block-separator has-alpha-channel-opacity\"\/>\n\n\n\n<div class=\"wp-block-columns is-layout-flex wp-container-core-columns-is-layout-28f84493 wp-block-columns-is-layout-flex\">\n<div class=\"wp-block-column is-layout-flow wp-block-column-is-layout-flow\">\n<figure class=\"wp-block-image size-full\"><img data-recalc-dims=\"1\" loading=\"lazy\" decoding=\"async\" width=\"793\" height=\"590\" src=\"https:\/\/i0.wp.com\/jeanpaulamette.fr\/blog\/wp-content\/uploads\/2023\/01\/Le-lavoir-de-St-Pellerin.jpg?resize=793%2C590&ssl=1\" alt=\"\" class=\"wp-image-638\" srcset=\"https:\/\/i0.wp.com\/jeanpaulamette.fr\/blog\/wp-content\/uploads\/2023\/01\/Le-lavoir-de-St-Pellerin.jpg?w=793&ssl=1 793w, https:\/\/i0.wp.com\/jeanpaulamette.fr\/blog\/wp-content\/uploads\/2023\/01\/Le-lavoir-de-St-Pellerin.jpg?resize=300%2C223&ssl=1 300w, https:\/\/i0.wp.com\/jeanpaulamette.fr\/blog\/wp-content\/uploads\/2023\/01\/Le-lavoir-de-St-Pellerin.jpg?resize=768%2C571&ssl=1 768w\" sizes=\"auto, (max-width: 793px) 100vw, 793px\" \/><\/figure>\n\n\n\n<p style=\"font-size:14px\"><strong><em>Le lavoir de Saint Pellerin<br><\/em><\/strong>En cette fin d\u2019apr\u00e8s-midi d\u2019avril, le vent est tomb\u00e9; De ses derniers rayons, le soleil illumine les saules.<em><br>Huile sur toile, 35\u00d727 cm<\/em><\/p>\n<\/div>\n<\/div>\n\n\n\n<hr class=\"wp-block-separator has-alpha-channel-opacity\"\/>\n\n\n\n<figure class=\"wp-block-image size-large\"><img data-recalc-dims=\"1\" loading=\"lazy\" decoding=\"async\" width=\"1024\" height=\"718\" src=\"https:\/\/i0.wp.com\/jeanpaulamette.fr\/blog\/wp-content\/uploads\/2023\/01\/Brou-par-le-parc.jpg?resize=1024%2C718&ssl=1\" alt=\"\" class=\"wp-image-636\" srcset=\"https:\/\/i0.wp.com\/jeanpaulamette.fr\/blog\/wp-content\/uploads\/2023\/01\/Brou-par-le-parc-scaled.jpg?resize=1024%2C718&ssl=1 1024w, https:\/\/i0.wp.com\/jeanpaulamette.fr\/blog\/wp-content\/uploads\/2023\/01\/Brou-par-le-parc-scaled.jpg?resize=300%2C210&ssl=1 300w, https:\/\/i0.wp.com\/jeanpaulamette.fr\/blog\/wp-content\/uploads\/2023\/01\/Brou-par-le-parc-scaled.jpg?resize=768%2C539&ssl=1 768w, https:\/\/i0.wp.com\/jeanpaulamette.fr\/blog\/wp-content\/uploads\/2023\/01\/Brou-par-le-parc-scaled.jpg?resize=1536%2C1078&ssl=1 1536w, https:\/\/i0.wp.com\/jeanpaulamette.fr\/blog\/wp-content\/uploads\/2023\/01\/Brou-par-le-parc-scaled.jpg?resize=2048%2C1437&ssl=1 2048w\" sizes=\"auto, (max-width: 1000px) 100vw, 1000px\" \/><\/figure>\n\n\n\n<p style=\"font-size:14px\"><em><strong>Brou par le parc<\/strong><\/em><br>Brou o\u00f9 j\u2019ai pass\u00e9 30 ans de ma vie, l\u2019am\u00e9nagement du parc \u00e0 permis d\u2019ouvrir de nouvelles vues. L\u2019\u00e9glise de Saint Lubin s\u2019inscrit parfaitement dans le paysage.<br><em>huile sur toile 81\u00d765 cm.<\/em><\/p>\n<\/div>\n<\/div>\n<\/div>\n","protected":false},"excerpt":{"rendered":"<p>Saint PellerinQuand on arrive \u00e0 Saint Pellerin par la Varenne, la jach\u00e8re de colza est bord\u00e9e d\u2019un petit ruisseau.huile sur [&hellip;]<\/p>\n","protected":false},"author":2,"featured_media":0,"parent":0,"menu_order":0,"comment_status":"closed","ping_status":"closed","template":"","meta":{"_uag_custom_page_level_css":"","site-sidebar-layout":"default","site-content-layout":"","ast-site-content-layout":"default","site-content-style":"default","site-sidebar-style":"default","ast-global-header-display":"","ast-banner-title-visibility":"","ast-main-header-display":"","ast-hfb-above-header-display":"","ast-hfb-below-header-display":"","ast-hfb-mobile-header-display":"","site-post-title":"","ast-breadcrumbs-content":"","ast-featured-img":"","footer-sml-layout":"","ast-disable-related-posts":"","theme-transparent-header-meta":"","adv-header-id-meta":"","stick-header-meta":"","header-above-stick-meta":"","header-main-stick-meta":"","header-below-stick-meta":"","astra-migrate-meta-layouts":"default","ast-page-background-enabled":"default","ast-page-background-meta":{"desktop":{"background-color":"var(--ast-global-color-5)","background-image":"","background-repeat":"repeat","background-position":"center center","background-size":"auto","background-attachment":"scroll","background-type":"","background-media":"","overlay-type":"","overlay-color":"","overlay-opacity":"","overlay-gradient":""},"tablet":{"background-color":"","background-image":"","background-repeat":"repeat","background-position":"center center","background-size":"auto","background-attachment":"scroll","background-type":"","background-media":"","overlay-type":"","overlay-color":"","overlay-opacity":"","overlay-gradient":""},"mobile":{"background-color":"","background-image":"","background-repeat":"repeat","background-position":"center center","background-size":"auto","background-attachment":"scroll","background-type":"","background-media":"","overlay-type":"","overlay-color":"","overlay-opacity":"","overlay-gradient":""}},"ast-content-background-meta":{"desktop":{"background-color":"var(--ast-global-color-4)","background-image":"","background-repeat":"repeat","background-position":"center center","background-size":"auto","background-attachment":"scroll","background-type":"","background-media":"","overlay-type":"","overlay-color":"","overlay-opacity":"","overlay-gradient":""},"tablet":{"background-color":"var(--ast-global-color-4)","background-image":"","background-repeat":"repeat","background-position":"center center","background-size":"auto","background-attachment":"scroll","background-type":"","background-media":"","overlay-type":"","overlay-color":"","overlay-opacity":"","overlay-gradient":""},"mobile":{"background-color":"var(--ast-global-color-4)","background-image":"","background-repeat":"repeat","background-position":"center center","background-size":"auto","background-attachment":"scroll","background-type":"","background-media":"","overlay-type":"","overlay-color":"","overlay-opacity":"","overlay-gradient":""}},"advanced_seo_description":"","jetpack_seo_html_title":"","jetpack_seo_noindex":false,"footnotes":""},"class_list":["post-338","page","type-page","status-publish","hentry"],"uagb_featured_image_src":{"full":false,"thumbnail":false,"medium":false,"medium_large":false,"large":false,"1536x1536":false,"2048x2048":false},"uagb_author_info":{"display_name":"Maxime Cl\u00e9ment","author_link":"https:\/\/jeanpaulamette.fr\/blog\/author\/maximeclement\/"},"uagb_comment_info":0,"uagb_excerpt":"Saint PellerinQuand on arrive \u00e0 Saint Pellerin par la Varenne, la jach\u00e8re de colza est bord\u00e9e d\u2019un petit ruisseau.huile sur [&hellip;]","jetpack_shortlink":"https:\/\/wp.me\/PevoJv-5s","jetpack_sharing_enabled":true,"_links":{"self":[{"href":"https:\/\/jeanpaulamette.fr\/blog\/wp-json\/wp\/v2\/pages\/338","targetHints":{"allow":["GET"]}}],"collection":[{"href":"https:\/\/jeanpaulamette.fr\/blog\/wp-json\/wp\/v2\/pages"}],"about":[{"href":"https:\/\/jeanpaulamette.fr\/blog\/wp-json\/wp\/v2\/types\/page"}],"author":[{"embeddable":true,"href":"https:\/\/jeanpaulamette.fr\/blog\/wp-json\/wp\/v2\/users\/2"}],"replies":[{"embeddable":true,"href":"https:\/\/jeanpaulamette.fr\/blog\/wp-json\/wp\/v2\/comments?post=338"}],"version-history":[{"count":10,"href":"https:\/\/jeanpaulamette.fr\/blog\/wp-json\/wp\/v2\/pages\/338\/revisions"}],"predecessor-version":[{"id":809,"href":"https:\/\/jeanpaulamette.fr\/blog\/wp-json\/wp\/v2\/pages\/338\/revisions\/809"}],"wp:attachment":[{"href":"https:\/\/jeanpaulamette.fr\/blog\/wp-json\/wp\/v2\/media?parent=338"}],"curies":[{"name":"wp","href":"https:\/\/api.w.org\/{rel}","templated":true}]}}