{"id":452,"date":"2023-01-23T00:32:58","date_gmt":"2023-01-22T23:32:58","guid":{"rendered":"https:\/\/jeanpaulamette.fr\/blog\/?page_id=452"},"modified":"2026-03-20T17:53:24","modified_gmt":"2026-03-20T16:53:24","slug":"automne","status":"publish","type":"page","link":"https:\/\/jeanpaulamette.fr\/blog\/automne\/","title":{"rendered":"Automne"},"content":{"rendered":"\n<p><\/p>\n\n\n\n<h2 class=\"wp-block-heading has-text-align-center\"><strong><em>Automne : lumi\u00e8re dor\u00e9e et paysages feutr\u00e9s<\/em><\/strong><\/h2>\n\n\n\n<div class=\"wp-block-columns are-vertically-aligned-center is-layout-flex wp-container-core-columns-is-layout-28f84493 wp-block-columns-is-layout-flex\">\n<div class=\"wp-block-column is-vertically-aligned-center is-layout-flow wp-block-column-is-layout-flow\">\n<div class=\"wp-block-group is-layout-constrained wp-block-group-is-layout-constrained\">\n<figure class=\"wp-block-image size-large\"><img data-recalc-dims=\"1\" loading=\"lazy\" decoding=\"async\" width=\"1024\" height=\"806\" src=\"https:\/\/i0.wp.com\/jeanpaulamette.fr\/blog\/wp-content\/uploads\/2023\/01\/Chemin-de-Godebert.jpg?resize=1024%2C806&ssl=1\" alt=\"\" class=\"wp-image-644\" srcset=\"https:\/\/i0.wp.com\/jeanpaulamette.fr\/blog\/wp-content\/uploads\/2023\/01\/Chemin-de-Godebert.jpg?resize=1024%2C806&ssl=1 1024w, https:\/\/i0.wp.com\/jeanpaulamette.fr\/blog\/wp-content\/uploads\/2023\/01\/Chemin-de-Godebert.jpg?resize=300%2C236&ssl=1 300w, https:\/\/i0.wp.com\/jeanpaulamette.fr\/blog\/wp-content\/uploads\/2023\/01\/Chemin-de-Godebert.jpg?resize=768%2C605&ssl=1 768w, https:\/\/i0.wp.com\/jeanpaulamette.fr\/blog\/wp-content\/uploads\/2023\/01\/Chemin-de-Godebert.jpg?resize=1536%2C1209&ssl=1 1536w, https:\/\/i0.wp.com\/jeanpaulamette.fr\/blog\/wp-content\/uploads\/2023\/01\/Chemin-de-Godebert.jpg?resize=2048%2C1612&ssl=1 2048w\" sizes=\"auto, (max-width: 1000px) 100vw, 1000px\" \/><\/figure>\n\n\n\n<p style=\"font-size:14px\"><em><strong>Le chemin de Godebert<\/strong><\/em><br>Ce chemin relie \u00e0 travers bois les deux villages, Saint Pellerin et Courtalain dont on aper\u00e7oit le clocher.<br><em>huile sur toile 81\u00d765 cm<\/em><\/p>\n\n\n\n<hr class=\"wp-block-separator has-alpha-channel-opacity\"\/>\n\n\n\n<div class=\"wp-block-columns is-layout-flex wp-container-core-columns-is-layout-28f84493 wp-block-columns-is-layout-flex\">\n<div class=\"wp-block-column is-layout-flow wp-block-column-is-layout-flow\">\n<figure class=\"wp-block-image size-large is-style-default\"><img data-recalc-dims=\"1\" loading=\"lazy\" decoding=\"async\" width=\"1024\" height=\"808\" src=\"https:\/\/i0.wp.com\/jeanpaulamette.fr\/blog\/wp-content\/uploads\/2023\/01\/Le-chateau-de-Montigny-Le-Gannelon.jpg?resize=1024%2C808&ssl=1\" alt=\"\" class=\"wp-image-648\" srcset=\"https:\/\/i0.wp.com\/jeanpaulamette.fr\/blog\/wp-content\/uploads\/2023\/01\/Le-chateau-de-Montigny-Le-Gannelon.jpg?resize=1024%2C808&ssl=1 1024w, https:\/\/i0.wp.com\/jeanpaulamette.fr\/blog\/wp-content\/uploads\/2023\/01\/Le-chateau-de-Montigny-Le-Gannelon.jpg?resize=300%2C237&ssl=1 300w, https:\/\/i0.wp.com\/jeanpaulamette.fr\/blog\/wp-content\/uploads\/2023\/01\/Le-chateau-de-Montigny-Le-Gannelon.jpg?resize=768%2C606&ssl=1 768w, https:\/\/i0.wp.com\/jeanpaulamette.fr\/blog\/wp-content\/uploads\/2023\/01\/Le-chateau-de-Montigny-Le-Gannelon.jpg?resize=1536%2C1212&ssl=1 1536w, https:\/\/i0.wp.com\/jeanpaulamette.fr\/blog\/wp-content\/uploads\/2023\/01\/Le-chateau-de-Montigny-Le-Gannelon.jpg?resize=2048%2C1616&ssl=1 2048w\" sizes=\"auto, (max-width: 1000px) 100vw, 1000px\" \/><\/figure>\n\n\n\n<p style=\"font-size:14px\"><em><strong>Le ch\u00e2teau de Montigny le Gannelon<\/strong><\/em><br>Le ch\u00e2teau domine en ma\u00eetre de ces lieux.<br>En octobre, arbres et arbustes ont rev\u00eatu leurs habits d\u2019or.<br><em>huile sur toile 81\u00d765 cm<\/em><\/p>\n<\/div>\n<\/div>\n\n\n\n<hr class=\"wp-block-separator has-alpha-channel-opacity\"\/>\n\n\n\n<div class=\"wp-block-columns is-layout-flex wp-container-core-columns-is-layout-28f84493 wp-block-columns-is-layout-flex\">\n<div class=\"wp-block-column is-layout-flow wp-block-column-is-layout-flow\">\n<figure class=\"wp-block-image size-large\"><img data-recalc-dims=\"1\" loading=\"lazy\" decoding=\"async\" width=\"1024\" height=\"799\" src=\"https:\/\/i0.wp.com\/jeanpaulamette.fr\/blog\/wp-content\/uploads\/2023\/01\/Chateau-de-Chateaudun.jpg?resize=1024%2C799&ssl=1\" alt=\"\" class=\"wp-image-643\" srcset=\"https:\/\/i0.wp.com\/jeanpaulamette.fr\/blog\/wp-content\/uploads\/2023\/01\/Chateau-de-Chateaudun.jpg?resize=1024%2C799&ssl=1 1024w, https:\/\/i0.wp.com\/jeanpaulamette.fr\/blog\/wp-content\/uploads\/2023\/01\/Chateau-de-Chateaudun.jpg?resize=300%2C234&ssl=1 300w, https:\/\/i0.wp.com\/jeanpaulamette.fr\/blog\/wp-content\/uploads\/2023\/01\/Chateau-de-Chateaudun.jpg?resize=768%2C600&ssl=1 768w, https:\/\/i0.wp.com\/jeanpaulamette.fr\/blog\/wp-content\/uploads\/2023\/01\/Chateau-de-Chateaudun.jpg?resize=1536%2C1199&ssl=1 1536w, https:\/\/i0.wp.com\/jeanpaulamette.fr\/blog\/wp-content\/uploads\/2023\/01\/Chateau-de-Chateaudun.jpg?resize=2048%2C1599&ssl=1 2048w\" sizes=\"auto, (max-width: 1000px) 100vw, 1000px\" \/><\/figure>\n\n\n\n<p style=\"font-size:14px\"><em><strong>Ch\u00e2teaudun par Saint Jean<\/strong><\/em><br>Les peupliers presque d\u00e9pouill\u00e9s de leurs feuilles laissent entrevoir le ch\u00e2teau et l\u2019\u00e9glise de la Madeleine.<br><em>huile sur toile 35\u00d727 cm<\/em><\/p>\n\n\n\n<hr class=\"wp-block-separator has-alpha-channel-opacity\"\/>\n\n\n\n<div class=\"wp-block-columns is-layout-flex wp-container-core-columns-is-layout-28f84493 wp-block-columns-is-layout-flex\">\n<div class=\"wp-block-column is-layout-flow wp-block-column-is-layout-flow\">\n<figure class=\"wp-block-image size-full\"><img data-recalc-dims=\"1\" loading=\"lazy\" decoding=\"async\" width=\"392\" height=\"511\" src=\"https:\/\/i0.wp.com\/jeanpaulamette.fr\/blog\/wp-content\/uploads\/2023\/01\/aut-7.jpg?resize=392%2C511&ssl=1\" alt=\"\" class=\"wp-image-649\" srcset=\"https:\/\/i0.wp.com\/jeanpaulamette.fr\/blog\/wp-content\/uploads\/2023\/01\/aut-7.jpg?w=392&ssl=1 392w, https:\/\/i0.wp.com\/jeanpaulamette.fr\/blog\/wp-content\/uploads\/2023\/01\/aut-7.jpg?resize=230%2C300&ssl=1 230w\" sizes=\"auto, (max-width: 392px) 100vw, 392px\" \/><\/figure>\n\n\n\n<p style=\"font-size:14px\"><strong><em>Le Loir \u00e0 la Touche<\/em><\/strong><br>Lors des ballades en automne, on peut voir dress\u00e9s en bordure de rivi\u00e8re, les plumets roses des \u00e9pilobes.<br><em>huile sur toile 35\u00d727 cm<\/em><\/p>\n<\/div>\n<\/div>\n<\/div>\n<\/div>\n<\/div>\n<\/div>\n\n\n\n<div class=\"wp-block-column is-vertically-aligned-center is-layout-flow wp-block-column-is-layout-flow\">\n<div class=\"wp-block-group is-layout-constrained wp-block-group-is-layout-constrained\">\n<div style=\"height:100px\" aria-hidden=\"true\" class=\"wp-block-spacer\"><\/div>\n\n\n\n<div class=\"wp-block-columns is-layout-flex wp-container-core-columns-is-layout-28f84493 wp-block-columns-is-layout-flex\">\n<div class=\"wp-block-column is-layout-flow wp-block-column-is-layout-flow\">\n<figure class=\"wp-block-image size-large\"><img data-recalc-dims=\"1\" loading=\"lazy\" decoding=\"async\" width=\"1024\" height=\"828\" src=\"https:\/\/i0.wp.com\/jeanpaulamette.fr\/blog\/wp-content\/uploads\/2023\/01\/Lavoir-St-Pellerin.jpg?resize=1024%2C828&ssl=1\" alt=\"\" class=\"wp-image-647\" srcset=\"https:\/\/i0.wp.com\/jeanpaulamette.fr\/blog\/wp-content\/uploads\/2023\/01\/Lavoir-St-Pellerin-scaled.jpg?resize=1024%2C828&ssl=1 1024w, https:\/\/i0.wp.com\/jeanpaulamette.fr\/blog\/wp-content\/uploads\/2023\/01\/Lavoir-St-Pellerin-scaled.jpg?resize=300%2C243&ssl=1 300w, https:\/\/i0.wp.com\/jeanpaulamette.fr\/blog\/wp-content\/uploads\/2023\/01\/Lavoir-St-Pellerin-scaled.jpg?resize=768%2C621&ssl=1 768w, https:\/\/i0.wp.com\/jeanpaulamette.fr\/blog\/wp-content\/uploads\/2023\/01\/Lavoir-St-Pellerin-scaled.jpg?resize=1536%2C1242&ssl=1 1536w, https:\/\/i0.wp.com\/jeanpaulamette.fr\/blog\/wp-content\/uploads\/2023\/01\/Lavoir-St-Pellerin-scaled.jpg?resize=2048%2C1656&ssl=1 2048w\" sizes=\"auto, (max-width: 1000px) 100vw, 1000px\" \/><\/figure>\n\n\n\n<p style=\"font-size:14px\"><em><strong>Le lavoir de Saint Pellerin<\/strong><\/em><br>En ce calme apr\u00e8s midi d\u2019automne, le lavoir et les aulnes se mirent dans cette belle eau bleue.<br><em>huile sur toile 35\u00d727 cm<\/em><\/p>\n<\/div>\n<\/div>\n\n\n\n<hr class=\"wp-block-separator has-alpha-channel-opacity\"\/>\n\n\n\n<div class=\"wp-block-columns is-layout-flex wp-container-core-columns-is-layout-28f84493 wp-block-columns-is-layout-flex\">\n<div class=\"wp-block-column is-layout-flow wp-block-column-is-layout-flow\">\n<figure class=\"wp-block-image size-large\"><img data-recalc-dims=\"1\" loading=\"lazy\" decoding=\"async\" width=\"1024\" height=\"754\" src=\"https:\/\/i0.wp.com\/jeanpaulamette.fr\/blog\/wp-content\/uploads\/2023\/01\/La-campagne-Arrou.jpg?resize=1024%2C754&ssl=1\" alt=\"\" class=\"wp-image-646\" srcset=\"https:\/\/i0.wp.com\/jeanpaulamette.fr\/blog\/wp-content\/uploads\/2023\/01\/La-campagne-Arrou-scaled.jpg?resize=1024%2C754&ssl=1 1024w, https:\/\/i0.wp.com\/jeanpaulamette.fr\/blog\/wp-content\/uploads\/2023\/01\/La-campagne-Arrou-scaled.jpg?resize=300%2C221&ssl=1 300w, https:\/\/i0.wp.com\/jeanpaulamette.fr\/blog\/wp-content\/uploads\/2023\/01\/La-campagne-Arrou-scaled.jpg?resize=768%2C566&ssl=1 768w, https:\/\/i0.wp.com\/jeanpaulamette.fr\/blog\/wp-content\/uploads\/2023\/01\/La-campagne-Arrou-scaled.jpg?resize=1536%2C1132&ssl=1 1536w, https:\/\/i0.wp.com\/jeanpaulamette.fr\/blog\/wp-content\/uploads\/2023\/01\/La-campagne-Arrou-scaled.jpg?resize=2048%2C1509&ssl=1 2048w\" sizes=\"auto, (max-width: 1000px) 100vw, 1000px\" \/><\/figure>\n\n\n\n<p style=\"font-size:14px\"><em><strong>La campagne pr\u00e8s d\u2019Arrou<\/strong><\/em><br>A la crois\u00e9e des chemins, l\u2019ancienne demeure semble d\u00e9fier le temps.<br><em>huile sur toile 35\u00d727 cm<\/em><\/p>\n<\/div>\n<\/div>\n\n\n\n<hr class=\"wp-block-separator has-alpha-channel-opacity\"\/>\n\n\n\n<figure class=\"wp-block-image size-full\"><img data-recalc-dims=\"1\" loading=\"lazy\" decoding=\"async\" width=\"480\" height=\"621\" src=\"https:\/\/i0.wp.com\/jeanpaulamette.fr\/blog\/wp-content\/uploads\/2023\/01\/Chemin-vert.jpg?resize=480%2C621&ssl=1\" alt=\"\" class=\"wp-image-645\" srcset=\"https:\/\/i0.wp.com\/jeanpaulamette.fr\/blog\/wp-content\/uploads\/2023\/01\/Chemin-vert.jpg?w=480&ssl=1 480w, https:\/\/i0.wp.com\/jeanpaulamette.fr\/blog\/wp-content\/uploads\/2023\/01\/Chemin-vert.jpg?resize=232%2C300&ssl=1 232w\" sizes=\"auto, (max-width: 480px) 100vw, 480px\" \/><\/figure>\n\n\n\n<p style=\"font-size:14px\"><strong><em><strong>Le chemin vert \u00e0 Arrou<\/strong><\/em><br><\/strong>La promenade du chemin vert nous emm\u00e8ne \u00e0 travers bois et clairi\u00e8res.<br>J\u2019aime l\u2019harmonie des tons compl\u00e9mentaires qui se cr\u00e9e en cette saison.<br><em>huile sur toile 27\u00d722 cm<\/em><\/p>\n<\/div>\n<\/div>\n<\/div>\n","protected":false},"excerpt":{"rendered":"<p>Automne : lumi\u00e8re dor\u00e9e et paysages feutr\u00e9s Le chemin de GodebertCe chemin relie \u00e0 travers bois les deux villages, Saint [&hellip;]<\/p>\n","protected":false},"author":2,"featured_media":0,"parent":0,"menu_order":0,"comment_status":"closed","ping_status":"closed","template":"","meta":{"_uag_custom_page_level_css":"","site-sidebar-layout":"default","site-content-layout":"","ast-site-content-layout":"default","site-content-style":"default","site-sidebar-style":"default","ast-global-header-display":"","ast-banner-title-visibility":"","ast-main-header-display":"","ast-hfb-above-header-display":"","ast-hfb-below-header-display":"","ast-hfb-mobile-header-display":"","site-post-title":"disabled","ast-breadcrumbs-content":"","ast-featured-img":"","footer-sml-layout":"","ast-disable-related-posts":"","theme-transparent-header-meta":"disabled","adv-header-id-meta":"","stick-header-meta":"","header-above-stick-meta":"","header-main-stick-meta":"","header-below-stick-meta":"","astra-migrate-meta-layouts":"default","ast-page-background-enabled":"default","ast-page-background-meta":{"desktop":{"background-color":"var(--ast-global-color-5)","background-image":"","background-repeat":"repeat","background-position":"center center","background-size":"auto","background-attachment":"scroll","background-type":"","background-media":"","overlay-type":"","overlay-color":"","overlay-opacity":"","overlay-gradient":""},"tablet":{"background-color":"","background-image":"","background-repeat":"repeat","background-position":"center center","background-size":"auto","background-attachment":"scroll","background-type":"","background-media":"","overlay-type":"","overlay-color":"","overlay-opacity":"","overlay-gradient":""},"mobile":{"background-color":"","background-image":"","background-repeat":"repeat","background-position":"center center","background-size":"auto","background-attachment":"scroll","background-type":"","background-media":"","overlay-type":"","overlay-color":"","overlay-opacity":"","overlay-gradient":""}},"ast-content-background-meta":{"desktop":{"background-color":"var(--ast-global-color-4)","background-image":"","background-repeat":"repeat","background-position":"center center","background-size":"auto","background-attachment":"scroll","background-type":"","background-media":"","overlay-type":"","overlay-color":"","overlay-opacity":"","overlay-gradient":""},"tablet":{"background-color":"var(--ast-global-color-4)","background-image":"","background-repeat":"repeat","background-position":"center center","background-size":"auto","background-attachment":"scroll","background-type":"","background-media":"","overlay-type":"","overlay-color":"","overlay-opacity":"","overlay-gradient":""},"mobile":{"background-color":"var(--ast-global-color-4)","background-image":"","background-repeat":"repeat","background-position":"center center","background-size":"auto","background-attachment":"scroll","background-type":"","background-media":"","overlay-type":"","overlay-color":"","overlay-opacity":"","overlay-gradient":""}},"advanced_seo_description":"","jetpack_seo_html_title":"","jetpack_seo_noindex":false,"footnotes":""},"class_list":["post-452","page","type-page","status-publish","hentry"],"uagb_featured_image_src":{"full":false,"thumbnail":false,"medium":false,"medium_large":false,"large":false,"1536x1536":false,"2048x2048":false},"uagb_author_info":{"display_name":"Maxime Cl\u00e9ment","author_link":"https:\/\/jeanpaulamette.fr\/blog\/author\/maximeclement\/"},"uagb_comment_info":0,"uagb_excerpt":"Automne : lumi\u00e8re dor\u00e9e et paysages feutr\u00e9s Le chemin de GodebertCe chemin relie \u00e0 travers bois les deux villages, Saint [&hellip;]","jetpack_shortlink":"https:\/\/wp.me\/PevoJv-7i","jetpack_sharing_enabled":true,"_links":{"self":[{"href":"https:\/\/jeanpaulamette.fr\/blog\/wp-json\/wp\/v2\/pages\/452","targetHints":{"allow":["GET"]}}],"collection":[{"href":"https:\/\/jeanpaulamette.fr\/blog\/wp-json\/wp\/v2\/pages"}],"about":[{"href":"https:\/\/jeanpaulamette.fr\/blog\/wp-json\/wp\/v2\/types\/page"}],"author":[{"embeddable":true,"href":"https:\/\/jeanpaulamette.fr\/blog\/wp-json\/wp\/v2\/users\/2"}],"replies":[{"embeddable":true,"href":"https:\/\/jeanpaulamette.fr\/blog\/wp-json\/wp\/v2\/comments?post=452"}],"version-history":[{"count":33,"href":"https:\/\/jeanpaulamette.fr\/blog\/wp-json\/wp\/v2\/pages\/452\/revisions"}],"predecessor-version":[{"id":1993,"href":"https:\/\/jeanpaulamette.fr\/blog\/wp-json\/wp\/v2\/pages\/452\/revisions\/1993"}],"wp:attachment":[{"href":"https:\/\/jeanpaulamette.fr\/blog\/wp-json\/wp\/v2\/media?parent=452"}],"curies":[{"name":"wp","href":"https:\/\/api.w.org\/{rel}","templated":true}]}}